se -2*p + 7 = 3. Suppose 0 = p*m - 6*m - 3*b + 108, 5*m - 134 = -4*b. Suppose 12*x - 2028 = -1956. Calculate the greatest common divisor of m and x.
6
Suppose -5*r - 693 = -8*r. Suppose -5*k - 226 = -3*k - 5*h, 2*k - 2*h + 232 = 0. Let b = k - -139. Calculate the greatest common divisor of r and b.
21
Let n = -91 - -109. Suppose l = -x + 7, -5*l - 7 = n. Suppose 3*k = -3*o + 84, -5*k - 55 = 4*o - 165. What is the highest common divisor of x and o?
6
Suppose -23*x + 26 - 141 = 0. Let l be 15/(-40) - ((-1772)/32 + x). Calculate the highest common divisor of 105 and l.
15
Let j(a) = 24*a**2 - 8*a - 12. Let s be j(-6). Suppose 4*u + u = s. Suppose -8*w + 137 + 7 = 0. What is the highest common factor of w and u?
18
Suppose -256 = 2*v + n, -512 = 5*v - v + n. Let s = v - -242. What is the greatest common divisor of 18 and s?
6
Let p(h) = h**3 - 2*h**2 - 6*h + 3. Let x be p(4). Let q = 131 - 63. Suppose 20 = 2*y - 5*s - q, 0 = -2*s. Calculate the greatest common factor of y and x.
11
Suppose -207*j + 4*y - 15 = -208*j, -5*y = -2*j + 30. Let l = -5 + -2. Let p = -1 - l. Calculate the greatest common divisor of j and p.
3
Let d be (110/(-8))/(2/(-32)). Let c(l) = -5*l**2 - 22*l + 58. Let n be c(-6). Calculate the greatest common factor of n and d.
10
Let d be 153/(-204) - (-1)/(-4). Let y(n) = -207*n**3 - n**2 - 4*n - 3. Let a be y(d). What is the greatest common divisor of a and 27?
9
Let a(m) = m + 40. Let x = -78 - -78. Let l be a(x). What is the highest common factor of l and 440?
40
Let l(a) = 2*a**3 - 13*a**2 + 4*a + 94. Let p be l(14). Calculate the greatest common factor of p and 30.
30
Let m = 18335 + -18134. What is the greatest common factor of m and 33969?
201
Suppose 6 = -2*b + 11*b - 3. Let h(c) = 11*c**3 - c**2 + 2*c - 1. Let x be h(1). Let k = 0 + x. Calculate the highest common divisor of b and k.
1
Let x = 2520 - 2020. What is the greatest common factor of x and 100?
100
Let v = 8815 - 8807. Calculate the greatest common factor of 7208 and v.
8
Suppose 154*v - 10700 = -3308. Calculate the greatest common factor of v and 3072.
48
Let j = 332 - 330. Let c(k) = 72*k + 3. Let x be c(j). Calculate the greatest common factor of 21 and x.
21
Let s be -28*(-2)/(-16)*-46. What is the greatest common factor of s and 161?
161
Let r(c) = 5*c + 163. Let z be r(-32). Suppose z*y + 3*g = 5*g + 58, 0 = -2*y - g + 48. What is the greatest common factor of y and 22?
22
Let u be -3*(-2 - -1)/(-1). Let s be (-12)/10*20/8. Let l be (-40)/s - 2/u. Calculate the highest common factor of l and 126.
14
Let r(x) = -20*x + 4. Let h(b) = b - 1. Let o(j) = -3*h(j) - r(j). Let u be o(1). What is the greatest common divisor of u and 16?
16
Let c(x) = x**2 - 9*x + 10. Let o be c(8). Suppose -b = -r + 188, o*r = r - b + 190. Let u = 4614 + -4593. What is the greatest common divisor of u and r?
21
Let q = 53003 - 52973. Let y be -115*(-4 + 1 - -1). What is the highest common divisor of q and y?
10
Let a be (20/15)/(2 - 8/3). Let j be (24/48)/(a/(-8)). Suppose j*i - 2*r - 14 = 0, -3*i + 24 = -i - 4*r. What is the greatest common factor of i and 26?
2
Let v(q) = 180*q + 1958. Let s be v(-5). What is the highest common divisor of s and 46?
46
Suppose 0 = -a + 196*w - 195*w + 673, a + w = 691. Calculate the greatest common divisor of 308 and a.
22
Let g be (-30)/(-70) - 55/(-35). Let x be (1 - g)/(11/(-11)). Calculate the highest common divisor of x and 39.
1
Suppose 2*q + 158 + 220 = 0. Let s be q*11/((-99)/12). Calculate the highest common divisor of 28 and s.
28
Suppose 0 = o - 5, 4*d = 6*o - 5*o + 87. Suppose -20*j = -d*j + 87. Calculate the highest common factor of j and 493.
29
Let p be -17 - -77 - (1 + -5 + 1). Suppose -3*s = p - 66. Let u(g) = 9*g + 3. Let t be u(s). Calculate the greatest common divisor of 12 and t.
12
Let j(s) = -3*s + 3. Let v be j(-3). Let b(f) = -54*f + 2598. Let n be b(43). Calculate the highest common factor of n and v.
12
Let t(j) = j**3 - 7*j**2 - 8*j + 68. Let s be t(7). Suppose -24*y = -s*y - 1452. Calculate the highest common factor of y and 22.
11
Let a(u) = 2*u - 1. Let c(y) = 2*y + 10. Let k(p) = 6*a(p) - c(p). Let n be k(5). Let s = -14 - -48. Calculate the highest common factor of s and n.
34
Let k = 22734 - 21994. What is the highest common factor of k and 10?
10
Let z be ((-174)/8)/((4 - (-55)/(-10))/44). Calculate the greatest common factor of 99 and z.
11
Suppose 10 = -0*q - 5*q. Let w be -2 - (q/(-3) - (-34)/(-6)). Suppose -5*b = -w*s - 28, 0*b + 3*b - 2*s = 17. Calculate the greatest common factor of 45 and b.
5
Let g be 3 - (-2 + 10) - -399. Let l = 436 - g. What is the greatest common divisor of l and 105?
21
Let m(f) = -f**3 - 12*f**2 + 121*f + 1423. Let n be m(-10). What is the highest common factor of n and 39585?
13
Suppose 0 = 4*n - n + 2*k - 18, 4*n - 2*k = 24. Suppose 0*d - 5*p = -5*d + 1610, 4*d = -p + 1313. Let y = 345 - d. What is the highest common factor of y and n?
6
Let p be (-11)/(-13) - 1 - 50158/(-26). Suppose -x + 2*d - 4*d = -954, 2*x - 3*d = p. What is the highest common factor of 24 and x?
24
Suppose 0 = 25*i - 23*i - 38. Suppose -i*o + 1613 = 302. What is the highest common divisor of 23 and o?
23
Let o be (-403)/(-4)*(-464)/(-29). What is the greatest common divisor of o and 78?
26
Let k be ((-1424)/(-4))/2*2. Calculate the greatest common factor of 801 and k.
89
Let j be (-48)/(-16)*(-20)/(-6). Let x(c) = c - 4. Let o be x(j). Suppose -167*g = -170*g + 144. What is the highest common divisor of g and o?
6
Suppose -4*m + 20 = 3*k, 3*k + 8*m - 6*m = 16. Suppose -5*r + 87 = 3*h, k*r + 145 = 5*h + r. What is the greatest common divisor of 29 and h?
29
Let i = -186 + 186. Suppose 10*z - 3*z - 91 = i. Calculate the greatest common divisor of 299 and z.
13
Suppose 2*r = -4*u + 1284, 0 = -2*u + u - r + 320. Let v = u + -315. What is the highest common factor of 161 and v?
7
Let p = 12205 - 9664. Calculate the greatest common divisor of 154 and p.
77
Let w = -356 + 257. Let i = -80 - w. Calculate the highest common divisor of 19 and i.
19
Let f = 3941 + -1317. Calculate the highest common divisor of 246 and f.
82
Let b = 6 + 49. Let v = 46 - 90. Let r be (v/(-10))/((-3)/(-15)). Calculate the greatest common factor of r and b.
11
Suppose -4*y - 3*j + 9 = 0, 3*y = 4*j - 9 + 22. Suppose 905 = -n + y*n + g, -4*n + 1775 = -5*g. What is the greatest common factor of n and 100?
50
Let f = -2552 + 2583. Calculate the greatest common divisor of 3131 and f.
31
Let a(g) = 259*g + 2. Suppose -3*x + 5*l + 13 = 0, -10 + 1 = -5*x + 2*l. Let r be a(x). Calculate the highest common divisor of 29 and r.
29
Let f be 6 + (1 - (0 + 3)). Suppose -4*u + 5*b + 15 = -159, -2*u + 2*b = -84. What is the highest common divisor of f and u?
4
Let g = -18550 - -19815. What is the greatest common divisor of g and 1045?
55
Let t be (-64)/(-30) + -2 + (-8536)/120. Let o = -66 - t. Suppose -5*c = 2*i - 479, -o*i + 6*c = 7*c - 1163. Calculate the greatest common factor of i and 29.
29
Let c be (-722)/(-95) + (-2)/(-5). Suppose -6*n + c*n - 28 = 0. Let g = -27 - -83. Calculate the highest common factor of n and g.
14
Let k be (-4039)/(-2) + (-19)/(-38). Suppose 0 = 5*n + 5*q - 3090, 5*n - q - 1082 = k. Calculate the greatest common factor of n and 10.
10
Suppose 0 = 62*f - 58*f. Suppose r - 7 + 1 = f. Suppose -r = 3*v, 287 = 11*o - 8*o + 5*v. What is the greatest common factor of o and 11?
11
Let s = 8463 - 8338. Calculate the highest common factor of s and 16.
1
Let a = 1668 + -1245. What is the highest common factor of 225 and a?
9
Let s = 4810 + -4622. Calculate the greatest common factor of s and 470.
94
Let o(k) = -k**3 + 18*k**2 + 9*k + 623. Let u be o(20). Let w(z) = 6 - z - z - 6. Let n be w(-12). Calculate the greatest common divisor of u and n.
3
Let d be (-1)/(((-14)/(-2))/(-21)). Suppose 5*c = d*h + 228 + 371, 0 = c - 3*h - 127. What is the greatest common divisor of c and 59?
59
Let s(m) = -11*m**3 - 5*m**2 - 21*m - 18. Let i be s(-4). Calculate the greatest common factor of i and 60.
30
Let l be (6/10*-1)/((-5)/25). Suppose -l*t + 2*o - 3*o + 112 = 0, 2*o + 100 = 3*t. Let d = -3 + t. Calculate the greatest common factor of d and 3.
3
Suppose -15 = 15*v - 25*v + 5. Let t(m) = m**3 - 10*m**2 + 2*m - 13. Let s be t(10). What is